 -3. Suppose 3*o + l + 9 = 2*l, -o - l = -p. Let x(u) = 3*u**2 - u - 1. What are the prime factors of x(o)?
13
Suppose -4*t - 18 = -6*t. Let i = t - 5. What are the prime factors of i?
2
Let q(z) = -z**2 + 7*z + 4. What are the prime factors of q(7)?
2
Let v(z) = 3*z**3 - 2*z**2 + z - 2. What are the prime factors of v(2)?
2
Suppose -4 = -2*n - 2*b + 4, 19 = 3*n - 4*b. Suppose -5*o + 3*o + 2*p = 2, 0 = n*o + 3*p - 3. Suppose -5*k + 56 + 9 = o. List the prime factors of k.
13
Let n(a) = -a**2 + 5*a. Let t be n(4). Suppose -g = -t*g + 66. List the prime factors of g.
2, 11
Let t(g) = g**2 + 12*g - 1. Let o be t(-5). Let d be (-4)/6*o/8. List the prime factors of -20*(d/(-6) - 0).
2, 5
Let w = 4 + -5. Let g be 2/3*(w + 10). Let a = 13 - g. What are the prime factors of a?
7
Let i(v) be the third derivative of v**5/60 - 3*v**4/8 - v**3/3 - 4*v**2. List the prime factors of i(11).
2, 5
Suppose -3*i + 14 = 4*w - 0*i, -2*w = 3*i - 4. Let f be (1*-2)/((-4)/10). Let r = f + w. List the prime factors of r.
2, 5
Let x be (-22)/(-10) + (-2)/10. Suppose x*z = -14 + 78. Suppose 0*i = -4*i + z. List the prime factors of i.
2
Suppose -5 = -2*i + 5*a, -3*a + 1 = -2. Suppose i*c - 18 = 77. What are the prime factors of c?
19
Let j = 19 - 5. List the prime factors of j.
2, 7
Let k = 8 + -4. Suppose 3 + k = c. List the prime factors of c.
7
Let d(k) = k**2 - 6*k + 9. What are the prime factors of d(10)?
7
Suppose 0 = 3*i - 5 - 4. Suppose 10 = 3*r + 4*q, -2*q - 7 - i = 0. What are the prime factors of r?
2, 5
Suppose 6*l + 303 = 1323. List the prime factors of l.
2, 5, 17
Let d be (-4)/(11 + -3)*0. Suppose -2*s = -d*s - 58. List the prime factors of s.
29
Let a(z) = z**3 - 17*z**2 - 17*z + 38. List the prime factors of a(18).
2, 7
Let p(n) = 10*n + 1. Let a be p(1). Suppose -r - u = -a - 5, 62 = 5*r - u. Suppose 0 = -4*k - 3*f + 4*f + 43, k - 5*f = -r. What are the prime factors of k?
2, 3
Let s = 0 + 0. Suppose -6*x + 9*x - 69 = s. What are the prime factors of x?
23
Suppose 2*y = -s + 133 - 31, 2*s = -y + 207. What are the prime factors of s?
2, 13
Let k be ((-1)/2*-4)/2. Let j be 5 + k + (-1 - 1). What are the prime factors of (2 - 1)/(2/j)?
2
Let x = 553 + -159. List the prime factors of x.
2, 197
Let c be 4/(-6) - (-16)/6. Suppose 66 = -3*z - z - c*k, k - 12 = z. Let a = -11 - z. What are the prime factors of a?
2
Suppose 81 = 4*d - d. What are the prime factors of d?
3
List the prime factors of 220*28/21*(-18)/(-32).
3, 5, 11
Suppose -3*q - 2*q = 60. Let t = -7 - q. List the prime factors of t.
5
List the prime factors of (-360)/(-14) - (-40)/140.
2, 13
Let y = 10 + -5. Suppose 0*s - 4*s - 5*q + 76 = 0, y*s - 86 = -4*q. What are the prime factors of 4/s - 54/(-7)?
2
Suppose -2*a - 5*f - 11 = -a, -57 = -3*a + 3*f. Let y = a - -4. List the prime factors of y.
2, 3
Suppose -3*g - 5 = -8*g. Let m = 4 + g. List the prime factors of m.
5
Suppose -4*z = -z - 150. Suppose -3*l - c + z = 0, 0*l - 26 = -l + 2*c. What are the prime factors of l?
2, 3
Let i = 125 - 46. What are the prime factors of i?
79
Let d(z) = 2*z**2. Let u = 0 + -2. List the prime factors of d(u).
2
Let q(f) = f**2 - 8*f + 9. Let m be q(6). Let a = m - -5. List the prime factors of a.
2
Suppose -3 = -j + 3*f - 17, 9 = -3*j - 2*f. Let d(w) = 5 + w - 2*w + 7 - 5. What are the prime factors of d(j)?
2, 3
Suppose 4*u + 3*p - 116 = 0, -4*p - 2 + 18 = 0. Suppose 3*w - 2*j = 18, -5*w + 2*j + 4 + u = 0. List the prime factors of w.
2, 3
Let d(o) = 2*o**2 + 6*o - 14. What are the prime factors of d(-6)?
2, 11
Suppose 0 = 3*d - 24 - 6. List the prime factors of (36/d)/((-4)/(-10)).
3
Suppose t + 4*s - 101 = 5*s, -3*s = 3*t - 285. What are the prime factors of t?
2, 7
Let t = 4 + 1. Let x = 2 + t. What are the prime factors of x?
7
Let k(c) = c + 5. Let y be 0 - (2 + (-3 - -1)). Let g = y + 4. List the prime factors of k(g).
3
Suppose 0 = 5*c - 0 + 10. What are the prime factors of 4 - (c - -2) - 0?
2
Let k = -190 - -71. Let u = -66 - k. List the prime factors of u.
53
Let m(f) = f**2 + 2*f - 3. Let d = 3 - 6. Let z be m(d). Suppose z = -x - x + 22. What are the prime factors of x?
11
Suppose -15 = 2*k + 5*r - 2*r, -2*k + 2*r + 10 = 0. Let i(l) = l**2 - l - 25. Let a be i(k). Let u = 35 + a. List the prime factors of u.
2, 5
Let o = -3 - -17. What are the prime factors of o?
2, 7
Let w(j) = -2*j**2 + 14*j + 15. What are the prime factors of w(5)?
5, 7
Let o = 9 + -18. Let l be (-282)/(-18) + (-1)/(-3). Let g = o + l. What are the prime factors of g?
7
Suppose y = -3*y + 20. Suppose -3*m + 69 = -3*k, y*m + 2*k = 2*m + 94. What are the prime factors of m?
2, 7
Let b = 62 + -34. Let h = b - 7. What are the prime factors of h?
3, 7
Suppose -3*t - t - 36 = 0. Let h(w) = -w**3 - 9*w**2 - w + 8. List the prime factors of h(t).
17
Suppose -4 + 3 = -l. Let z be 1 - l*(-2 - 0). Suppose -k - 4*n = 2*k - 43, 42 = 3*k + z*n. List the prime factors of k.
13
Let l(r) = 5*r**2 + 2 - 1 + r**2 + 2*r. List the prime factors of l(-1).
5
Let g = 8 + -6. Suppose 4*x - j = 8, -2*x - 3*j = -20 + g. Suppose -x*r + 55 = 13. List the prime factors of r.
2, 7
Suppose -2*v = -5*v - 42. Let h be v/18 + (-12)/54. Let o = h - -3. What are the prime factors of o?
2
Let b(j) = 3*j - 8. What are the prime factors of b(7)?
13
Suppose 4*i - 3*i = 0. Suppose 5*k + 5*t - 72 + 22 = i, 2*k - 5*t = -1. Let p(d) = -d**3 + 6*d**2 + 8*d - 3. List the prime factors of p(k).
2
Let y(d) = d**2 - 12*d + 6. Let w be 6/(-10) - 68/(-5). List the prime factors of y(w).
19
Let p(q) = 3*q + 41. Let s(t) = -2*t - 27. Let h(o) = 5*p(o) + 7*s(o). List the prime factors of h(-9).
7
Let b = 31 + -1. List the prime factors of b.
2, 3, 5
Suppose -l + 3*l = -14. Let v(t) be the third derivative of t**6/120 + 7*t**5/60 + t**4/24 + 3*t**3/2 + t**2. List the prime factors of v(l).
2
Let w(m) = 4 + m**3 + 1 + 4*m + 0*m**2 - 5*m**2. List the prime factors of w(4).
5
Let q(o) = -o**3 + 4*o**2 + 7*o - 6. Let g be q(5). Suppose -4*l + 7*l = -g*d + 48, -3*l - 2*d + 42 = 0. What are the prime factors of l?
2, 3
What are the prime factors of (-8)/(-24) - 5*(-28)/3?
47
Suppose 0 = -3*j + 1 + 2. Let x be j/(3/2)*42. Suppose 5*k - x = -8. List the prime factors of k.
2
Let z(p) = -1 + 6*p**2 + 5*p + 0*p - p**3 - 2*p. What are the prime factors of z(6)?
17
Suppose -26 = -2*h + 5*j, -4*h = -4*j - 22 - 30. Suppose 26 = 3*p - h. Let l = -8 + p. List the prime factors of l.
5
Let i be -1 - -6*2/(-4). Let f(x) = -4*x - 2. List the prime factors of f(i).
2, 7
Let b be ((-3)/6)/(1/4). Let c be -2 - (b + 0) - -2. Suppose 0 = -0*k + 3*k - c*a - 8, 4*a - 8 = 2*k. List the prime factors of k.
2, 3
Let a = 2 - 2. Suppose a*w + 5*z + 23 = -w, 9 = 2*w - z. Suppose -n - 5*h = -34, w*n + 3*h = 4*h + 13. List the prime factors of n.
3
Let b be (-2)/3*3 - -2. Suppose 3*c = p - 58, 0*c - 2*c + p - 38 = b. List the prime factors of (-44)/(-10) - (-8)/c.
2
List the prime factors of 4/6 - (-5 - 2675/15).
2, 23
Let q(o) = o**2 + 2*o + 2. What are the prime factors of q(0)?
2
Let n(h) = -12*h + 3. Let f be n(3). Let m be (-128)/22 + 6/f. What are the prime factors of 1*17 + (-5 - m)?
2, 3
Let t(o) = 5 - 1 - 6*o + 0*o**2 + o**2 + 5. Suppose 5*w - 9 - 21 = 0. What are the prime factors of t(w)?
3
Suppose 0 = 4*b - 16, -14 = -j - 2*b + 34. List the prime factors of j.
2, 5
Suppose 0*x = x - 56. Let l = x + -34. List the prime factors of l.
2, 11
Suppose 205 = 4*c - 111. What are the prime factors of c?
79
Let a = -47 - -83. Suppose -3*f = -4*d + 37, 4*d + f - a = -11. What are the prime factors of d?
7
Suppose 2*j - 3 - 11 = 0. Let d(m) = 3*m - 7. Let r(k) = -13*k + 27. Let w(s) = -9*d(s) - 2*r(s). What are the prime factors of w(j)?
2
Suppose 4*b - 10 = -s, -2*b = -0*s + 4*s - 82. Let t = s - -23. List the prime factors of t.
3, 5
Let i = 6 - 2. Suppose -40 = -z - i*z. List the prime factors of z.
2
Let v be 1 + (-1 - -1 - 2). Let m(l) = -l**3 - 5*l**2 - 8*l - 3. Let h be m(-3). List the prime factors of v/(h/(-12)) - -3.
7
Suppose -5*r + 2*r = -12. List the prime factors of (r - 0)*(-25)/(-20).
5
Suppose -5*o + 3*o + 4 = 0. Suppose -5*n + o*k + 27 = -8, -4*n + 2*k + 30 = 0. What are the prime factors of n?
5
Let z(s) = s**3 - 11*s**2 - 11*s + 16. Let k(p) = 11*p**2 + p. Let l be k(1). What are the prime 